s w(a)?
1
Let c be (-104)/(-17) - (-8)/(-68). Suppose 7*i = 13*i - c. Let m(u) = -u - 8*u**2 + 7*u**2 - 2 - 4*u + i. What is m(-5)?
-1
Let f(u) = u + 1. Suppose -1 = r - 3. Let t(y) = -10*y + 2*y**2 + 12*y - y**r - 2*y**2 + 3. Let i(q) = -4*f(q) + t(q). Give i(-2).
-1
Let u(o) be the second derivative of -o**5/60 + 11*o**4/24 - o**3 - 55*o**2/2 - o + 9. Let g(y) be the first derivative of u(y). Give g(9).
12
Let f(r) = 10*r + 211. Let t(o) = -17*o - 420. Let l(n) = -9*f(n) - 4*t(n). Let s be l(-10). Let j(u) = -4*u - 1. Give j(s).
-5
Let s(v) = 4*v - 9. Let y(x) = -8*x + 18. Let m(k) = -5*s(k) - 2*y(k). Let u = -781 - -790. Let a be ((-24)/40*-3)/(u/30). Calculate m(a).
-15
Let m(k) = -6*k + 11. Let d(g) = 7*g + 1. Let f(o) = 2*d(o) + 3*m(o). Calculate f(8).
3
Let h(p) be the second derivative of p**5/10 + 19*p**4/12 - 5*p**3 + 35*p**2/2 - 4215*p. Give h(-11).
2
Suppose -108*p - 62*p + 1955 = -55*p. Let a(i) = -2*i + 25. What is a(p)?
-9
Let l(a) = 2*a - 32. Suppose 5*g - 127 = 5*k - 27, 0 = 2*g + k - 28. What is l(g)?
0
Let a(j) = -j**3 + j**2 - 2*j + 4. Suppose -330 = z + 5*q, 151 = -2*z - q - 518. Let t = z - -338. What is a(t)?
-20
Let w(h) be the first derivative of -h**3/6 + 3*h**2 + 5*h + 52. Let n(v) be the first derivative of w(v). What is n(3)?
3
Let t(a) be the second derivative of a**5/10 - 3*a**4/4 - a**3/6 - 5*a**2/2 - 5416*a. Determine t(5).
15
Suppose 5*f = 2*b - 115, -b - 3*f + 4 + 26 = 0. Let t = b - 43. Let x(p) = p**2 - 2*p**t + 3*p - 8*p. Determine x(-4).
4
Let j(t) = -2*t + 139. Let n(i) = -65*i**3 - 13*i - 13. Let o be n(-1). What is j(o)?
9
Let j(t) = 2*t**2 - 71*t - 44. Let y(h) = 120*h - 7284. Let o be y(61). Determine j(o).
-8
Suppose -3*y + 1 = -14. Suppose 63*k = 65*k + 4. Let z(n) = 3*n**2 - 3*n - 7. Let g(b) = 7*b**2 - 6*b - 15. Let v(l) = k*g(l) + 5*z(l). What is v(y)?
5
Suppose -s + 21 = -5*j, -2*s = -6*s - j + 42. Let v(n) = 2*n**2 + 0*n - n + 23*n**3 + s*n**3. Give v(1).
35
Let n(q) = -6*q - 1. Let c(w) = 4*w**2 - 17*w + 9. Let f be c(4). Let m be (-10)/f*(-4 - (-52)/8). Calculate n(m).
29
Suppose b = s - 142, -2*b + 28*s - 280 = 30*s. Let t = -136 - b. Let h(k) = 3*k**2 - 7*k + 6. Give h(t).
46
Let d be (-246)/21 + 12/(-42). Let c(a) = 2*a + 27. Let m be c(d). Let y(z) = z**3 - 3*z**2 - z - 2. What is y(m)?
-5
Suppose 0 = -c - 4*u - 8, 0 = -208*c + 213*c + u - 17. Let v(a) = 2*a**3 - 8*a**2 + a + 7. Calculate v(c).
11
Suppose 0 = 52*x + 5617 - 6813. Let j(a) = 7*a - 159. Calculate j(x).
2
Let s = 120 - 106. Let c(l) = 0 + s*l - 12*l - 2 - l**2. What is c(2)?
-2
Let o(z) = -4*z**3 - z**2 + 3*z + 5. Suppose -34*q + 284 = -12*q + 328. Determine o(q).
27
Let z(b) = -16*b**2 + b + 21. Let j(g) = 26*g**2 - 2*g - 33. Let f(r) = -5*j(r) - 8*z(r). Let l be (-2)/(-5) + 32/20. What is f(l)?
-7
Suppose 17*q + q = 3528. Let c = q + -190. Let z(x) = x**2 - 5*x - 1. Calculate z(c).
5
Let g = -98 + 103. Suppose 0 = -z - g*h + 24 + 7, 2*z - 5*h = 32. Let r(t) = -t - 5*t**2 - 24 + 2*t**3 - t**3 - 2*t + z. What is r(5)?
-18
Let h(q) = -q**3 + 7*q**2 - q + 1. Let y be (-7 - -8 - -2 - 19)/(-2). What is h(y)?
-71
Suppose -3*y = -3, 5*p - 3*y + 6*y = -27. Let q(h) = -3*h**2 + 9*h + 1. Let a(w) = 5*w**2 - 17*w - 2. Let m(r) = 4*a(r) + 7*q(r). What is m(p)?
-7
Let j(h) = 2*h**3 + h**2 + 2*h + 2. Suppose -6*d = -4*d - 3*a + 7, 2*d + 2*a + 12 = 0. Let i be (0 + -2)*d/5*-1. Calculate j(i).
-14
Let l(r) be the first derivative of -2*r**2 - 7*r + 1998. Let f be 96/(-15) + (-2)/(-5). Give l(f).
17
Suppose m + m = -4. Let k be -5 - (-22)/33*9/m. Let d(c) = -c**3 - 7*c**2 + 6*c - 7. Calculate d(k).
9
Let o(t) = -16*t + 171. Let d(r) = -18*r + 199. Let i(q) = -6*d(q) + 7*o(q). Suppose 0 = -3*s - 5*l - 14, -4*s - 5*l - 22 = -5*s. What is i(s)?
-5
Let y(x) be the second derivative of -1/3*x**3 - 3/20*x**5 + 0 - 263*x - 1/2*x**2 + 0*x**4. What is y(-1)?
4
Let g(h) = -4*h + 8. Let s(p) = p**3 - 9*p**2 + 15*p - 19. Let d be s(7). Let n be 100/d - 7/(-3). Calculate g(n).
32
Let d(n) = 10*n**2 + 11*n - 7. Let u(q) = 24*q**2 + 21*q - 11. Let p(y) = -7*d(y) + 3*u(y). Determine p(5).
-4
Let s(b) = b - 20. Let k = -502 - -511. Give s(k).
-11
Suppose 5*v - 121 = -26. Suppose -12*t + v*t - 42 = 0. Let n(b) = -b**3 + 6*b**2 - 3*b - 2. What is n(t)?
-20
Let l(k) be the third derivative of k**5/60 + k**4/24 + k**3 + 8*k**2. Let a be l(6). Let r(b) = 1 - 93*b + b**2 + a*b + 44*b. Calculate r(0).
1
Let w(y) = -y**3 + 6*y**2 + 7*y + 9. Suppose 20*l - 28 = 16*l. Let r(x) = 10*x - 63. Let s be r(l). Determine w(s).
9
Let h(l) = -l**2 - l + 2. Let p be (-1)/(-4) - (-285)/12. Suppose -p = -4*q - 4*q. Suppose s + 13 = 5*r, r - 2 = -q*s + 7. Give h(s).
-4
Let f(x) = 4*x**3 - 6*x**2 + 3*x + 3. Let s(v) = -6*v**2 + 4*v - 1. Let r(o) = -o**3 - 1. Let w(y) = -5*r(y) + s(y). Let u(b) = -3*f(b) + 2*w(b). What is u(4)?
-37
Let k = 753 - 757. Let p(a) = -15*a - 26. Determine p(k).
34
Let b be 4/18*(-423)/(-47). Suppose b*d - 3*k + 28 = -7*k, -15 = 3*k. Let h(u) = 2*u**2 + 4*u - 4. Calculate h(d).
12
Let z(k) be the first derivative of k**3/3 + 9*k**2/2 - 29*k - 776. Determine z(-13).
23
Suppose -80*a - 56*a + 38*a = 686. Let s(n) = -n**2 - 4*n + 18. Give s(a).
-3
Suppose 5*c - 2*r = r + 403, 3*c = 5*r + 245. Let u = 84 - c. Let t(d) = u*d + 7 + 5 - 1 - 7. What is t(-3)?
-8
Let j(m) = -m**3 + 7*m**2 - m - 9. Suppose 8*h + 119 = 7. Let p(f) = 2*f**3 + 29*f**2 + 18*f + 63. Let y be p(h). Give j(y).
-16
Let i(s) = s**2 - 31542 + 31549 + 0*s + 6*s. Suppose 12*z - 10*z + 12 = 0. Calculate i(z).
7
Let p(x) = 152*x - 33. Let m(v) = -129*v + 31. Let z(f) = 4*m(f) + 3*p(f). What is z(1)?
-35
Let h(d) = d**3 + 10*d**2 + 17*d - 16. Let g = -11442 - -11434. Give h(g).
-24
Let y(a) be the second derivative of 1/2*a**3 + 0*a**2 + 1/6*a**4 + 17*a + 0 + 1/120*a**5. Let n(h) be the second derivative of y(h). Calculate n(-5).
-1
Let k(w) be the first derivative of w**4/12 + 7*w**3/6 - w**2 + 113*w + 77. Let a(p) be the first derivative of k(p). Let g = -9 - -3. Give a(g).
-8
Let s(q) = -q**2 - 7*q. Suppose 1260*r + 10 = -5*h + 1261*r, 3*r = -h - 2. Determine s(h).
10
Let w(m) be the third derivative of -23*m**6/120 + 174*m**2 + 1. Determine w(1).
-23
Let p(z) = -z**2 + 7*z + 6. Suppose 4*b = b + 48. Suppose -4*v + 20 = 0, 55*o - v = 54*o + 19. Suppose -o = -5*k + b. Give p(k).
-2
Let j(w) = -w**3 - 9*w**2 - 75*w - 653. Let b be j(-9). Let i(l) = l**3 - 21*l**2 - 21*l - 24. Determine i(b).
-2
Let h(t) = -t**2 - 3*t - 3. Let u(k) = -k**2 - 60*k - 578. Let i be u(-48). Calculate h(i).
-1
Suppose 8*y - 24 + 72 = 0. Let w be (-2)/4*(11 + y - 3). Let j(t) = 2 - 2 - 14*t**2. Calculate j(w).
-14
Let g(n) be the first derivative of n**3/3 + n**2/2 - 29*n + 843. What is g(5)?
1
Let z(u) = -u**3 + 19*u**2 - 54*u + 103. Let l(o) = -o**3 + 15*o**2 + 27*o - 558. Let t be l(14). Give z(t).
7
Let k = -795 + 792. Let o(t) = -t**3 - t**2 + 4*t. Give o(k).
6
Let r(z) = z**2 - 28*z - 128. Let d = -15128 - -15160. Give r(d).
0
Let y(d) = d - 1271 + 576 + 691. Suppose 0 = 2*m + g - 10, -4*g = -4*m - g + 40. What is y(m)?
3
Let b(l) = -3*l - 4. Let n(u) = -u**2 - 13*u - 36. Let i be n(-5). Suppose 5*k = -i*q, q + 27 - 10 = 3*k. Give b(q).
11
Let t(a) = 17. Let u(d) = -7*d - 107. Let n(j) = -6*t(j) - u(j). Give n(-2).
-9
Let l(d) = -d**3 - d**2 - 5. Suppose -5*i = 3*k - 12, -i = -5*k - 9 + 29. Suppose -5*u = 0, -3*t - k = -4*u - 10. Suppose 0 = t*r - 9*r + 8*r. What is l(r)?
-5
Let i(j) be the second derivative of 12*j + 5/6*j**3 - 2*j**2 + 0. Let p be (3 - -14) + -22 - 2/(-1). Give i(p).
-19
Let f(l) = 11*l**2 + 20*l + 103. Let q(h) = -7*h**2 - 13*h - 64. Let s(a) = -5*f(a) - 8*q(a). Calculate s(-6).
9
Suppose 0*t = t + 6. Let q(y) = y**2 + 6*y + 7. Let i be q(t). Let h(o) = -17*o**2 - 7 + 3 + 9*o**2 + 8*o + i*o**2. Calculate h(5).
11
Let a(n) = -2*n**2 + 9*n - 16. Suppose -9*o + 105 - 87 = 0. What is a(o)?
-6
Let v(x) = -8*x - 4. Suppose 25*q = 24*q - 145. Let u = 142 + q. Give v(u).
20
Let w(z) be the first derivative of -3*z**2 + 2*z - 14. Let p = -1975 - -1977. What is w(p)?
-10
Suppose -583*r + 686*r = -412. Let a(c) = c**3 + 12*c**2 + 27*c - 19. Calculate a(r).
1
Let z(n) = -115*n + 2 + 445*n - 328*n. Let w = 2 + 1. Give z(w).
8
Suppose 2*u - 28*b - 6 = -32*b, 2*b + 4 = 0. Let i(c) = -8*c + 49. Determine